{"id":109,"date":"2020-06-26T18:15:10","date_gmt":"2020-06-26T16:15:10","guid":{"rendered":"http:\/\/www.tsd.hr\/site\/?page_id=109"},"modified":"2025-08-04T10:49:04","modified_gmt":"2025-08-04T08:49:04","slug":"udzbenici","status":"publish","type":"page","link":"https:\/\/www.tsd.hr\/site\/udzbenici\/","title":{"rendered":"Ud\u017ebenici"},"content":{"rendered":"<p style=\"text-align: center;\"><strong>POPIS UD\u017dBENIKA ZA \u0160KOLSKU 2025.\/2026. GODINU<\/strong><\/p>\n<ol>\n<li>razred<br \/>\n<a href=\"https:\/\/www.tsd.hr\/site\/wp-content\/uploads\/2025\/07\/2025_Tehnicar-za-elektroniku.pdf\" target=\"_blank\" rel=\"noopener\">Tehni\u010dar za elektroniku i komunikacije<\/a> \/ Tehni\u010darka za elektroniku i komunikacije (041425)<br \/>\n<a href=\"https:\/\/www.tsd.hr\/site\/wp-content\/uploads\/2025\/07\/2025_Tehnicar-za-mehatroniku.pdf\" target=\"_blank\" rel=\"noopener\">Tehni\u010dar za mehatroniku<\/a> \/ Tehni\u010darka za mehatroniku (041525)<br \/>\n<a href=\"https:\/\/www.tsd.hr\/site\/wp-content\/uploads\/2025\/07\/2025_Tehnicar-cestovnog-prometa-1.pdf\" target=\"_blank\" rel=\"noopener\">Tehni\u010dar cestovnog prometa<\/a>\u00a0 \/ Tehni\u010darka cestovnog prometa (140326)<br \/>\n<a href=\"https:\/\/www.tsd.hr\/site\/wp-content\/uploads\/2025\/07\/2025_Tehnicar-za-racunarstvo.pdf\" target=\"_blank\" rel=\"noopener\">Tehni\u010dar za ra\u010dunarstvo<\/a> \/ Tehni\u010darka za ra\u010dunarstvo (041625)<br \/>\n<a href=\"https:\/\/www.tsd.hr\/site\/wp-content\/uploads\/2025\/07\/2025_Automehanicar-1.pdf\" target=\"_blank\" rel=\"noopener\">Automehatroni\u010dar<\/a> \/ Automehatroni\u010darka (014234)<br \/>\n<a href=\"https:\/\/www.tsd.hr\/site\/wp-content\/uploads\/2025\/08\/2025_Elektroinstalater-1.pdf\" target=\"_blank\" rel=\"noopener\">Elektroinstalater<\/a> \/ Elektroinstalaterka (042134)<br \/>\n<a href=\"https:\/\/www.tsd.hr\/site\/wp-content\/uploads\/2025\/07\/2025_Monter-1.pdf\" target=\"_blank\" rel=\"noopener\">Monter strojarskih instalacija<\/a> \/ Monterka strojarskih instalacija (015203)<br \/>\n<a href=\"https:\/\/www.tsd.hr\/site\/wp-content\/uploads\/2025\/07\/2025_operater-za-strojne-obrade.pdf\" target=\"_blank\" rel=\"noopener\">Operater za strojne obrade<\/a> \/ Operaterka za strojne obrade (011806)<br \/>\n<a href=\"https:\/\/www.tsd.hr\/site\/wp-content\/uploads\/2025\/07\/2025_Vozac-motornog-vozila.pdf\" target=\"_blank\" rel=\"noopener\">Voza\u010d motornog vozila<\/a> \/ Voza\u010dica motornog vozila (141104)<br \/>\nPomo\u0107ni kuhar\/Pomo\u0107na kuharica (078194)<br \/>\nPomo\u0107ni radnik za ure\u0111enje interijera\/Pomo\u0107na radnica za ure\u0111enje interijera (138101)<br \/>\nPomo\u0107ni stolar\/Pomo\u0107na stolarica (128194)<\/p>\n<p>Strukovni dio &#8211; virtualni repozitorij strukovnog obrazovanja <a href=\"http:\/\/freedom.asoo.hr\/\">http:\/\/freedom.asoo.hr\/<\/a><\/p>\n<p>Popis ud\u017ebenika za zanimanje<br \/>\n<strong>tehni\u010dar za elektroniku<\/strong> \u00a0<a href=\"https:\/\/www.tsd.hr\/site\/wp-content\/uploads\/2025\/06\/2025_Tehnicar-za-elektroniku-2.pdf\" target=\"_blank\" rel=\"noopener\">2. razred<\/a>\u00a0 \u00a0 <a href=\"https:\/\/www.tsd.hr\/site\/wp-content\/uploads\/2025\/06\/2025_Tehnicar-za-elektroniku-3.pdf\" target=\"_blank\" rel=\"noopener\">3. razred<\/a>\u00a0 \u00a0 <a href=\"https:\/\/www.tsd.hr\/site\/wp-content\/uploads\/2025\/06\/2025_Tehnicar-za-elektroniku-4.pdf\" target=\"_blank\" rel=\"noopener\">4. razred<\/a><br \/>\n<strong>tehni\u010dar za ra\u010dunalstvo<\/strong> \u00a0<a href=\"https:\/\/www.tsd.hr\/site\/wp-content\/uploads\/2025\/06\/2025_Tehnicar-za-racunalstvo-2.pdf\" target=\"_blank\" rel=\"noopener\">2. razred<\/a>\u00a0 \u00a0 <a href=\"https:\/\/www.tsd.hr\/site\/wp-content\/uploads\/2025\/06\/2025_Tehnicar-za-racunalstvo-3.pdf\" target=\"_blank\" rel=\"noopener\">3. razred<\/a>\u00a0 \u00a0 \u00a0 <a href=\"https:\/\/www.tsd.hr\/site\/wp-content\/uploads\/2025\/06\/2025_Tehnicar-za-racunalstvo-4.pdf\" target=\"_blank\" rel=\"noopener\">4. razred<\/a><strong><br \/>\n<\/strong><strong>tehni\u010dar za mehatroniku\u00a0 <\/strong><a href=\"https:\/\/www.tsd.hr\/site\/wp-content\/uploads\/2025\/06\/2025_Tehnicar-za-mehatroniku-2.pdf\" target=\"_blank\" rel=\"noopener\">2. razred<\/a>\u00a0 \u00a0<a href=\"https:\/\/www.tsd.hr\/site\/wp-content\/uploads\/2025\/06\/2025_Tehnicar-za-mehatroniku-3.pdf\" target=\"_blank\" rel=\"noopener\">3. razred<\/a>\u00a0 \u00a0 <a href=\"https:\/\/www.tsd.hr\/site\/wp-content\/uploads\/2025\/06\/2025_Tehnicar-za-mehatroniku-4.pdf\" target=\"_blank\" rel=\"noopener\">4. razred<\/a><br \/>\n<strong>tehni\u010dar cestovnog prometa\u00a0 <\/strong>\u00a0<a href=\"https:\/\/www.tsd.hr\/site\/wp-content\/uploads\/2025\/06\/2025_Tehnicar-cestovnog-prometa-2.pdf\" target=\"_blank\" rel=\"noopener\">2. razred<\/a>\u00a0 \u00a0 <a href=\"https:\/\/www.tsd.hr\/site\/wp-content\/uploads\/2025\/06\/2025_Tehnicar-cestovnog-prometa-3.pdf\" target=\"_blank\" rel=\"noopener\">3. razred<\/a>\u00a0 \u00a0 <a href=\"https:\/\/www.tsd.hr\/site\/wp-content\/uploads\/2025\/06\/2025_Tehnicar-cestovnog-prometa-4.pdf\" target=\"_blank\" rel=\"noopener\">4. razred<\/a><strong><br \/>\n<\/strong><strong>CNC operater\u00a0<\/strong> \u00a0<a href=\"https:\/\/www.tsd.hr\/site\/wp-content\/uploads\/2025\/06\/2025_CNC-operater-2-razred.pdf\" target=\"_blank\" rel=\"noopener\">2. razred<\/a>\u00a0 \u00a0 <a href=\"https:\/\/www.tsd.hr\/site\/wp-content\/uploads\/2025\/06\/2025_CNC-operater-3.pdf\" target=\"_blank\" rel=\"noopener\">3. razred<\/a><br \/>\n<strong>voza\u010d motornog vozila\u00a0 <\/strong>\u00a02. <a href=\"https:\/\/www.tsd.hr\/site\/wp-content\/uploads\/2025\/07\/2025_Vozac-motornog-vozila-2.pdf\" target=\"_blank\" rel=\"noopener\">razred<\/a>\u00a0 \u00a0 3. <a href=\"https:\/\/www.tsd.hr\/site\/wp-content\/uploads\/2025\/07\/2025_Vozac-motornog-vozila-3.pdf\">razred<\/a><br \/>\n<strong>automehani\u010dar\u00a0 <\/strong>\u00a0<a href=\"https:\/\/www.tsd.hr\/site\/wp-content\/uploads\/2025\/06\/2025_Automehanicar-2-razred.pdf\" target=\"_blank\" rel=\"noopener\">2. razred<\/a>\u00a0 \u00a0 \u00a0<a href=\"https:\/\/www.tsd.hr\/site\/wp-content\/uploads\/2025\/06\/2025_Automehanicar-3-razred.pdf\" target=\"_blank\" rel=\"noopener\">3. razred<\/a>\u00a0<strong><br \/>\n<\/strong><strong>strojobravar\u00a0 <\/strong> 2. <a href=\"https:\/\/www.tsd.hr\/site\/wp-content\/uploads\/2025\/07\/2025_Strojobravar-2-razred.pdf\" target=\"_blank\" rel=\"noopener\">razred<\/a><br \/>\n<strong>instalater grijanja i klimatizacije\u00a0 <\/strong><strong>\u00a0<\/strong><a href=\"https:\/\/www.tsd.hr\/site\/wp-content\/uploads\/2025\/06\/2025_Instalater-grijanja-i-klimatizacije-2.pdf\" target=\"_blank\" rel=\"noopener\">2. razred<\/a>\u00a0 \u00a0 \u00a0<a href=\"https:\/\/www.tsd.hr\/site\/wp-content\/uploads\/2025\/06\/2025_Instalater-grijanja-i-klimatizacije-3.pdf\" target=\"_blank\" rel=\"noopener\">3. razred<\/a><strong><br \/>\n<\/strong><strong>elektroinstalater\u00a0 <\/strong>\u00a0<a href=\"https:\/\/www.tsd.hr\/site\/wp-content\/uploads\/2025\/06\/2025_Elektroinstalater-2.pdf\" target=\"_blank\" rel=\"noopener\">2. razred<\/a>\u00a0 \u00a0 \u00a0<a href=\"https:\/\/www.tsd.hr\/site\/wp-content\/uploads\/2025\/06\/2025_Elektroinstalater-3.pdf\" target=\"_blank\" rel=\"noopener\">3. razred<\/a><strong><br \/>\n<\/strong><strong>pomo\u0107ni kuhar i slasti\u010dar, pomo\u0107ni stolar, pomo\u0107ni soboslikar i li\u010dilac<\/strong><\/li>\n<\/ol>\n","protected":false},"excerpt":{"rendered":"<p>POPIS UD\u017dBENIKA ZA \u0160KOLSKU 2025.\/2026. GODINU razred Tehni\u010dar za elektroniku i komunikacije \/ Tehni\u010darka za elektroniku i komunikacije (041425) Tehni\u010dar za mehatroniku \/ Tehni\u010darka za mehatroniku (041525) Tehni\u010dar cestovnog prometa\u00a0 \/ Tehni\u010darka cestovnog prometa (140326) Tehni\u010dar za ra\u010dunarstvo \/ Tehni\u010darka za ra\u010dunarstvo (041625) Automehatroni\u010dar \/ Automehatroni\u010darka (014234) Elektroinstalater \/ Elektroinstalaterka (042134) Monter strojarskih instalacija \/ [&hellip;]<\/p>\n","protected":false},"author":2,"featured_media":0,"parent":0,"menu_order":0,"comment_status":"open","ping_status":"open","template":"","meta":{"footnotes":""},"class_list":["post-109","page","type-page","status-publish","hentry"],"_links":{"self":[{"href":"https:\/\/www.tsd.hr\/site\/wp-json\/wp\/v2\/pages\/109","targetHints":{"allow":["GET"]}}],"collection":[{"href":"https:\/\/www.tsd.hr\/site\/wp-json\/wp\/v2\/pages"}],"about":[{"href":"https:\/\/www.tsd.hr\/site\/wp-json\/wp\/v2\/types\/page"}],"author":[{"embeddable":true,"href":"https:\/\/www.tsd.hr\/site\/wp-json\/wp\/v2\/users\/2"}],"replies":[{"embeddable":true,"href":"https:\/\/www.tsd.hr\/site\/wp-json\/wp\/v2\/comments?post=109"}],"version-history":[{"count":67,"href":"https:\/\/www.tsd.hr\/site\/wp-json\/wp\/v2\/pages\/109\/revisions"}],"predecessor-version":[{"id":14057,"href":"https:\/\/www.tsd.hr\/site\/wp-json\/wp\/v2\/pages\/109\/revisions\/14057"}],"wp:attachment":[{"href":"https:\/\/www.tsd.hr\/site\/wp-json\/wp\/v2\/media?parent=109"}],"curies":[{"name":"wp","href":"https:\/\/api.w.org\/{rel}","templated":true}]}}