{"id":11931,"date":"2023-05-04T08:51:35","date_gmt":"2023-05-04T06:51:35","guid":{"rendered":"https:\/\/www.tsd.hr\/site\/?page_id=11931"},"modified":"2024-02-02T08:57:31","modified_gmt":"2024-02-02T07:57:31","slug":"erasmus-projekt-ugasimo-svjetla-upalimo-zvijezde","status":"publish","type":"page","link":"https:\/\/www.tsd.hr\/site\/erasmus-projekt-ugasimo-svjetla-upalimo-zvijezde\/","title":{"rendered":"Erasmus+ projekt Ugasimo svjetla, upalimo zvijezde"},"content":{"rendered":"\n<p><strong>Ugasimo svjetla, upalimo zvijezde \/ Turn off the lights, turn on the stars<\/strong><br><br><strong>Sa\u017eetak projekta:<\/strong><br>Svjetlosno one\u010di\u0161\u0107enje globalni je problem koji uzrokuje ekonomske, astronomske, sigurnosne i zdravstvene probleme. Sva \u017eiva bi\u0107a imaju svoj dnevni ritam koji jo\u0161 nazivamo cirkadijalni ritam, a on obuhva\u0107a sve fiziolo\u0161ke i psiholo\u0161ke promjene, te promjene u pona\u0161anju pojedinca, vezane uz smjenu dana i no\u0107i (24 sata), te proizvodnju hormona melatonina \u010dija proizvodnja po\u010dinje u o\u010dima kada u njih ne ulazi svjetlost. Izlo\u017eenost plavom svjetlu i zra\u010denjima (wi fi, TV i ostali ure\u0111aji) pogotovo u ve\u010dernjim satima smanjuje proizvodnju melatonina, a samim time dolazi do poreme\u0107aja spavanja. Kada ne spavamo dobro du\u017ee vrijeme i kada nam je cirkadijalni ritam poreme\u0107en, naru\u0161ava se i zdravlje.<br><br><strong>Glavni cilj<\/strong> projekta je podizanje svjesnosti kod nastavnika i u\u010denika o va\u017enosti za\u0161tite i o\u010duvanja okoli\u0161a, za\u0161tite tamnog no\u0107nog neba od svjetlosnog one\u010di\u0161\u0107enja i poticanje odr\u017eive za\u0161tite okoli\u0161a.<br><br>Podnositelj zahtjeva projekta: Grad Daruvar<br>Partneri u projektu:<br>\u2022 Tehni\u010dka \u0161kola Daruvar, Hrvatska<br>\u2022 Lunar, Ludbreg, Hrvatska<br>\u2022 Kaptarko Nature conservation and Cultural Association, Ma\u0111arska<br>\u2022 Andr\u00e1ssy Gy\u00f6rgy Katolikus K\u00f6zgazdas\u00e1gi Szakgimn\u00e1zium, Gimn\u00e1zium \u00e9s Koll\u00e9gium, Ma\u0111arska<br>\u2022 Institut Alexandre Deulofeu, \u0160panjolska<br>\u2022 Camping Bassegoda S.L., \u0160panjolska<br><br><\/p>\n\n\n\n<p>&#8220;UGASIMO SVJETLA, UPALIMO ZVIJEZDE&#8221;\u00a0 &#8211; <a rel=\"noreferrer noopener\" href=\"https:\/\/www.tsd.hr\/site\/wp-content\/uploads\/2024\/02\/IO1_Ugasimo-svjetla-upalimo-zvijezde_Dokument-za-uspostavu-dugorocnog-transnacionalnog-strateskog-partnerstva-u-podrsci-ekoloskom-obrazovanju-u-strukovnim-srednjim-skolama.pdf\" data-type=\"URL\" data-id=\"https:\/\/www.tsd.hr\/site\/wp-content\/uploads\/2024\/02\/IO1_Ugasimo-svjetla-upalimo-zvijezde_Dokument-za-uspostavu-dugorocnog-transnacionalnog-strateskog-partnerstva-u-podrsci-ekoloskom-obrazovanju-u-strukovnim-srednjim-skolama.pdf\" target=\"_blank\">IO 1: Dokument za uspostavu dugoro\u010dnog transnacionalnog strate\u0161kog partnerstva za potporu obrazovanju o okoli\u0161u u srednjim \u0161kolama strukovnog obrazovanja i osposobljavanja u regijama Daruvar \u2013 Hrvatska, Eger \u2013 Ma\u0111arska i Girona \u2013 \u0160panjolska<\/a><br><br>\u201eTURN OFF THE LIGHTS, TURN ON THE STARS STARS\u201c <a rel=\"noreferrer noopener\" href=\"https:\/\/www.tsd.hr\/site\/wp-content\/uploads\/2024\/02\/IO1_Turn-off-the-lights-turn-on-the-stars_Document-for-establishing-of-long-term-transnational-strategic-partnership-in-supporting-environmental-education-in-the-VET-secondary-schools.pdf\" data-type=\"URL\" data-id=\"https:\/\/www.tsd.hr\/site\/wp-content\/uploads\/2024\/02\/IO1_Turn-off-the-lights-turn-on-the-stars_Document-for-establishing-of-long-term-transnational-strategic-partnership-in-supporting-environmental-education-in-the-VET-secondary-schools.pdf\" target=\"_blank\">IO 1: Docume nt for establishing of long term transnational strategic partnership in supporting environmental education in the VET secondary schools in regions of Daruvar \u2013 Croatia, Eger \u2013 Hungary and Girona \u2013 Spain<\/a><br><br>UGASIMO SVJETLA, UPALIMO ZVIJEZDE&#8221; <a href=\"https:\/\/www.tsd.hr\/site\/wp-content\/uploads\/2024\/02\/IO2_Ugasimo-svjetla-upalimo-zvijezde_Prirucnik-za-strukovne-skole-o-primjeni-novih-metoda-u-sprjecavanju-svjetlosnog-oneciscenja-u-svakodnevnoj-nastavi.pdf\" data-type=\"URL\" data-id=\"https:\/\/www.tsd.hr\/site\/wp-content\/uploads\/2024\/02\/IO2_Ugasimo-svjetla-upalimo-zvijezde_Prirucnik-za-strukovne-skole-o-primjeni-novih-metoda-u-sprjecavanju-svjetlosnog-oneciscenja-u-svakodnevnoj-nastavi.pdf\" target=\"_blank\" rel=\"noreferrer noopener\">IO2: Priru\u010dnik za strukovne \u0161kole o primjeni novih metoda u sprje\u010davanju svjetlosnog one\u010di\u0161\u0107enja u svakodnevnoj nastavi<\/a><br><\/p>\n\n\n\n<p>\u201eTURN OFF THE LIGHTS, TURN ON THE STARS\u201c <a href=\"https:\/\/www.tsd.hr\/site\/wp-content\/uploads\/2024\/02\/IO2_Turn-off-the-lights-turn-on-the-stars_Manual-for-VET-schools-about-implementing-new-methods-in-preventing-light-pollution-in-everyday-classes.pdf\" data-type=\"URL\" data-id=\"https:\/\/www.tsd.hr\/site\/wp-content\/uploads\/2024\/02\/IO2_Turn-off-the-lights-turn-on-the-stars_Manual-for-VET-schools-about-implementing-new-methods-in-preventing-light-pollution-in-everyday-classes.pdf\" target=\"_blank\" rel=\"noreferrer noopener\">IO2: Manual for VET schools about implementing new methods in preventing light pollution in everyday classes<\/a><br><br><a rel=\"noreferrer noopener\" href=\"https:\/\/www.tsd.hr\/site\/wp-content\/uploads\/2023\/05\/TUTORIAL-ASTRO-GAME.pdf\" data-type=\"URL\" data-id=\"https:\/\/www.tsd.hr\/site\/wp-content\/uploads\/2023\/05\/TUTORIAL-ASTRO-GAME.pdf\" target=\"_blank\">Vodi\u010d astro VR igrica \u201eUGASIMO SVJETLA, UPALIMO ZVIJEZDE\u201c \/ \u00a0Tutorial astro VR game \u201eTURN OFF THE LIGHTS, TURN ON THE STARS\u201c<\/a><br><br><a rel=\"noreferrer noopener\" href=\"https:\/\/www.tsd.hr\/site\/wp-content\/uploads\/2023\/12\/Sazetak-projekta-Ugasimo-svjetla-upalimo-zvijezde.pdf\" data-type=\"URL\" data-id=\"https:\/\/www.tsd.hr\/site\/wp-content\/uploads\/2023\/12\/Sazetak-projekta-Ugasimo-svjetla-upalimo-zvijezde.pdf\" target=\"_blank\">Bro\u0161ura &#8211; Sa\u017eetak projekta Ugasimo svjetla upalimo zvijezde<\/a><\/p>\n\n\n\n<p>U sklopu ERASMUS + projekta \u201eUgasimo svjetla, upalimo zvijezde\u201c tvrtka LUNAR razvila je poseban VR software \u010dija namjena je upoznavanje s problematikom svjetlosnog one\u010di\u0161\u0107enja i otkivanjem objekta iz Messierovog kataloga.<br>U Tehni\u010dkoj \u0161koli Daruvar tokom o\u017eujka, travnja i svibnja upoznavali smo se s VR nao\u010dalama i astro game softwareom, nakon \u010dega smo odr\u017eali natjecanja izme\u0111u slijede\u0107ih u\u010denika: Valentino Ivani\u0107, iz 1.RT, mentor Goran Repinc, u\u010denici iz 4.RT razrednog odjela Antonio \u0160antak, Patrik Polenus i Marin Domi\u0107, mentor Krunoslav Kulhavi, u\u010denici iz 3.RT razrednog odjela Karlo Kola\u010dek, Ivan Sudeti\u0107, Mihael Komljenovi\u0107, Bruno Salvador, mentor Kre\u0161mir E\u0107imovi\u0107, u\u010denici iz 3.PT razrednog odjela Karlo Turkovi\u0107 i Matija Jando\u0161, te iz 4. PT u\u010denici Leo Karni\u0161, Tin Veltruski, Jan \u0160tampf, mentorica Dunja \u017dupani\u0107.<br>Rezultati natjecanja:<br>1. Valentino Ivani\u0107<br>2. Antonio \u0160antak<br>3. Matija Jando\u0161<br><a rel=\"noreferrer noopener\" href=\"https:\/\/www.facebook.com\/media\/set?vanity=tsdaruvar&amp;set=a.795429798847117\" data-type=\"URL\" data-id=\"https:\/\/www.facebook.com\/media\/set?vanity=tsdaruvar&amp;set=a.795429798847117\" target=\"_blank\">Fotografije&#8230;<\/a><\/p>\n\n\n\n<p><strong>Zavr\u0161na diseminacija ERASMUS+ projekta pod nazivom \u201cTurn off the lights, turn on the stars\u201d u Daruvaru, Hrvatska<\/strong><br><\/p>\n\n\n\n<p>U ponedjeljak, 16. listopada 2023. godine, odr\u017eana je zavr\u0161na diseminacija ERASMUS+ projekta pod nazivom \u201cTurn off the lights, turn on the stars\u201d u Daruvaru, Hrvatska.<br>Ovaj projekt je imao za cilj edukaciju nastavnika i u\u010denika strukovnih \u0161kola o problemu svjetlosnog one\u010di\u0161\u0107enja. Na ovoj va\u017enoj diseminaciji Tehni\u010dku \u0161kolu Daruvar su dostojno predstavljali nastavnici Dunja \u017dupani\u0107, Sandra Milek, Anamarija Najdek, Krunoslav Kulhavi i Goran Repinc, zajedno s u\u010denicima iz 4.PT, 4.RT i 2.RT razrednih odjela.<br><a href=\"https:\/\/www.facebook.com\/media\/set?vanity=tsdaruvar&amp;set=a.882182866838476&amp;locale=hr_HR\" target=\"_blank\" rel=\"noreferrer noopener\">Fotografije\u2026<\/a><\/p>\n\n\n\n<p>Program diseminacije sastojao se od niza aktivnosti koje su imale za cilj podijeliti rezultate i iskustva ste\u010dena tijekom provedbe ERASMUS+ projekta, kao i promovirati svijest o svjetlosnom one\u010di\u0161\u0107enju me\u0111u \u0161irom javno\u0161\u0107u. Edukativnu prezentaciju o aktivnostima provedenim tijekom ovog projekta u na\u0161oj \u0161koli odra\u017eali su nastavnici Dunja \u017dupani\u0107 i Krunoslav Kulhavi s u\u010denicima 4. PT razrednog odjela Lorenom Bo\u017ei\u0107, Matijom Jando\u0161em I Karlom Turkovi\u0107em koji su aktivno sudjelovali u projektu. Ova prezentacija je istaknula anga\u017eman u\u010denika i nastavnika u implementaciji projektnih aktivnosti.<br>Tako\u0111er, predstavljeni su rezultati projektnih aktivnosti \u0161kola partnera iz \u0160panjolske i Ma\u0111arske, \u0161to je omogu\u0107ilo razmjenu iskustava i ideja iz razli\u010ditih europskih obrazovnih sustava.<br>Ovaj projekt je bio prilika za izgradnju mostova suradnje izme\u0111u razli\u010ditih europskih \u0161kola i promociju zajedni\u010dkog cilja \u2013 borbe protiv svjetlosnog one\u010di\u0161\u0107enja i promoviranje o\u010duvanja okoli\u0161a. Svi sudionici ovog doga\u0111aja doprinijeli su uspjehu projekta te \u0161irenju svijesti o va\u017enosti o\u010duvanja prirode.<br>Partneri na ovom projektu su kao nositelj Grad Daruvar s me\u0111unarodnim parkom tamnog neba \u201eVrani kamen\u201c, strukovne \u0161kole Andr\u00e1ssy Gy\u00f6rgy Katolikus K\u00f6zgazdas\u00e1gi Technikum, Gimn\u00e1zium \u00e9s Koll\u00e9gium, Eger, Ma\u0111arska s me\u0111unarodnim parkom tamnog neba \u201eB\u00fckk\u201c, Institut Alexandre Deulofeu, Figueres, \u0160panjolska s me\u0111unarodnim parkom tamnog neba Albany\u00e0, Tehni\u010dka \u0161kola Daruvar i tvrtka Lunar iz Ludbrega iz Hrvatske.<\/p>\n","protected":false},"excerpt":{"rendered":"<p>Ugasimo svjetla, upalimo zvijezde \/ Turn off the lights, turn on the stars Sa\u017eetak projekta:Svjetlosno one\u010di\u0161\u0107enje globalni je problem koji uzrokuje ekonomske, astronomske, sigurnosne i zdravstvene probleme. Sva \u017eiva bi\u0107a imaju svoj dnevni ritam koji jo\u0161 nazivamo cirkadijalni ritam, a on obuhva\u0107a sve fiziolo\u0161ke i psiholo\u0161ke promjene, te promjene u pona\u0161anju pojedinca, vezane uz smjenu [&hellip;]<\/p>\n","protected":false},"author":3,"featured_media":0,"parent":0,"menu_order":0,"comment_status":"closed","ping_status":"closed","template":"","meta":{"footnotes":""},"class_list":["post-11931","page","type-page","status-publish","hentry"],"_links":{"self":[{"href":"https:\/\/www.tsd.hr\/site\/wp-json\/wp\/v2\/pages\/11931","targetHints":{"allow":["GET"]}}],"collection":[{"href":"https:\/\/www.tsd.hr\/site\/wp-json\/wp\/v2\/pages"}],"about":[{"href":"https:\/\/www.tsd.hr\/site\/wp-json\/wp\/v2\/types\/page"}],"author":[{"embeddable":true,"href":"https:\/\/www.tsd.hr\/site\/wp-json\/wp\/v2\/users\/3"}],"replies":[{"embeddable":true,"href":"https:\/\/www.tsd.hr\/site\/wp-json\/wp\/v2\/comments?post=11931"}],"version-history":[{"count":9,"href":"https:\/\/www.tsd.hr\/site\/wp-json\/wp\/v2\/pages\/11931\/revisions"}],"predecessor-version":[{"id":12546,"href":"https:\/\/www.tsd.hr\/site\/wp-json\/wp\/v2\/pages\/11931\/revisions\/12546"}],"wp:attachment":[{"href":"https:\/\/www.tsd.hr\/site\/wp-json\/wp\/v2\/media?parent=11931"}],"curies":[{"name":"wp","href":"https:\/\/api.w.org\/{rel}","templated":true}]}}