{"id":157,"date":"2016-07-02T09:31:04","date_gmt":"2016-07-02T07:31:04","guid":{"rendered":"http:\/\/www.tsd.hr\/site\/?page_id=157"},"modified":"2019-04-03T22:48:28","modified_gmt":"2019-04-03T20:48:28","slug":"vozac-motornog-vozila","status":"publish","type":"page","link":"https:\/\/www.tsd.hr\/site\/obrazovni-programi\/vozac-motornog-vozila\/","title":{"rendered":"Voza\u010d motornog vozila"},"content":{"rendered":"<h2><strong><u>VOZA\u010c MOTORNOG VOZILA\/VOZA\u010cICA MOTORNOG VOZILA <\/u><\/strong><\/h2>\n<p><iframe loading=\"lazy\" width=\"560\" height=\"315\" src=\"https:\/\/www.youtube.com\/embed\/s2bObKyFgXg\" frameborder=\"0\" allow=\"accelerometer; autoplay; encrypted-media; gyroscope; picture-in-picture\" allowfullscreen><\/iframe><br \/>\n<strong>Vrsta i tip programa<\/strong>: Strukovni program trogodi\u0161njeg trajanja obrazovanja za industriju i gospodarstvo<\/p>\n<p><strong>Obrazovni sektor<\/strong>: promet i logistika<\/p>\n<p><strong>\u0160ifra zanimanja<\/strong>: 141103<\/p>\n<ul>\n<li><strong>Opis zanimanja<\/strong>:<\/li>\n<\/ul>\n<p>Upravlja teretnim vozilom unutar gradskog podru\u010dja te u me\u0111umjesnom i me\u0111unarodnom prometu. Obavlja poslove pripreme vozila za prijevoz, preuzima prijevoznu dokumentaciju i predmet prijevoza; upravlja vozilom tijekom prijevoza; vodi prijevoznu dokumentaciju, otklanja manje kvarove na vozilu, preuzima teret u prijevozu, nadzire utovar i istovar te vodi brigu o njegovoj za\u0161titi. Nakon zavr\u0161etka obrazovanja i odre\u0111enog radnog iskustva polaznik se kroz stru\u010dno usavr\u0161avanje mo\u017ee osposobiti za voza\u010da autobusa, taksi voza\u010da i autodizali\u010dara.<br \/>\nVoza\u010di motornog vozila prevoze raznovrsnu robu\/putnike na unaprijed odre\u0111ene destinacije. Uvjeti u vo\u017enji su razli\u010diti: gust i usporen promet, vremenske nepogode, klizava i opasna cesta, lo\u0161e odr\u017eavana cesta, itd. Voza\u010di su du\u017eni prilago\u0111avati vo\u017enju promjenjivim uvjetima, jer o svemu tome ovisi njihova sigurnost i sigurnost ostalih sudionika u prometu.<br \/>\nPrije po\u010detka vo\u017enje, voza\u010di kamiona dobivaju nalog za prijevoz tereta, provjeravaju je li teret ispravno i sigurno smje\u0161ten i vode ra\u010duna o njegovom iskrcaju. Na grani\u010dnim prijelazima sre\u0111uju dokumentaciju u vezi s teretom koji prevoze.<\/p>\n<ul>\n<li><strong>Zdravstveni zahtjevi<\/strong>:<\/li>\n<\/ul>\n<p>Uredan vid, uredan dubinski (prostorni) vid, uredan no\u0107ni vid, raspoznavanje boja, uredan sluh, sposobnost funkcionalnog glasovno-jezi\u010dno-govornog izra\u017eavanja u svrhu uspostavljanja komunikacije, uredno kognitivno, emocionalne, psihomotori\u010dko i perceptivno funkcioniranje, uredna funkcija di\u0161nog sustava, uredna funkcija mi\u0161i\u0107no-ko\u0161tanog sustava, uredna funkcija sr\u010dano-\u017eilnog sustava, uredna funkcija krvi i krvotvornog sustava, uredna ravnote\u017ea i stabilno stanje svijesti.<\/p>\n<p><strong>Pravilnik o zdravstvenim pregledima voza\u010da i kandidata za voza\u010de (NN 1\/2011, 110\/2012).<\/strong><\/p>\n<ul>\n<li><strong>Potrebni dokumenti za upis<\/strong>: lije\u010dni\u010dka svjedod\u017eba medicine rada izdana prema Pravilniku o zdravstvenim pregledima voza\u010da i kandidata za voza\u010de (NN 1\/2011, 110\/2012).<\/li>\n<\/ul>\n<ul>\n<li>U\u010denici mogu nastaviti obrazovanje za vi\u0161u razinu kvalifikacije (zanimanje \u010detverogodi\u0161njeg trajanja) u statusu redovitog u\u010denika u pravilu unutar istoga obrazovnog sektora u kojem je ste\u010deno prethodno strukovno obrazovanje. Po zavr\u0161etku vi\u0161e razine kvalifikacije u\u010denici mogu polagati ispite dr\u017eavne mature koji im omogu\u0107uju nastavak \u0161kolovanja na visoko\u0161kolskoj razini.<\/li>\n<\/ul>\n<ul>\n<li><strong>Nastavni plan i program<\/strong>:<\/li>\n<\/ul>\n<p><a href=\"http:\/\/www.tsd.hr\/site\/wp-content\/uploads\/2009\/08\/p.png\" rel=\"attachment wp-att-5154\"><img loading=\"lazy\" decoding=\"async\" class=\"alignnone size-full wp-image-5154\" src=\"http:\/\/www.tsd.hr\/site\/wp-content\/uploads\/2009\/08\/p.png\" alt=\"p\" width=\"473\" height=\"623\" srcset=\"https:\/\/www.tsd.hr\/site\/wp-content\/uploads\/2009\/08\/p.png 473w, https:\/\/www.tsd.hr\/site\/wp-content\/uploads\/2009\/08\/p-228x300.png 228w\" sizes=\"auto, (max-width: 473px) 100vw, 473px\" \/><\/a><\/p>\n<p>*Prakti\u010dnu nastavu u\u010denici obavljaju u poduze\u0107ima i \u0161kolskoj radionici.<\/p>\n<p>**nastava se realizira pojedina\u010dno na vozilu C kategorije<\/p>\n<ul>\n<li>U\u010denici srednjo\u0161kolsko obrazovanje zavr\u0161avaju izradom i obranom zavr\u0161nog rada.<\/li>\n<\/ul>\n<ul>\n<li><strong>Znanja, vje\u0161tine i po\u017eeljne osobine<\/strong><\/li>\n<\/ul>\n<p>Voza\u010d kamiona mora biti zdrava osoba u dobroj psihofizi\u010dkoj formi. Naro\u010dito su va\u017eni dobar vid i sluh, te emocionalna stabilnost osobe, jer se voza\u010di \u010desto susre\u0107u s opasnim situacijama te moraju brzo, spremno i odgovorno reagirati. Voza\u010d mora biti spreman pomo\u0107i sudionicima u prometnim nesre\u0107ama, \u0161to podrazumijeva dodatna znanja iz pru\u017eanja prve pomo\u0107i.<\/p>\n<p>Posao voza\u010da kamiona vi\u0161e odgovara osobama koje vole putovanja i samostalnost u radu, te kojima ne smetaju du\u017ea izbivanja od ku\u0107e.<\/p>\n<ul>\n<li><strong>Uvjeti rada <\/strong><\/li>\n<\/ul>\n<p>Voza\u010d uglavnom radi u zatvorenom prostoru, tj. u kabini vozila. Zbog prirode posla ponekad radi i vani (utovar i istovar robe, carinski pregledi i sl.).<\/p>\n<p>Voza\u010d posao obavlja u sjede\u0107em polo\u017eaju. Poslove odr\u017eavanja uglavnom obavlja izvan vozila, \u0161to ponekad podrazumijeva rad u vrlo neugodnim uvjetima (vlaga, izlo\u017eenost ispu\u0161nim plinovima, ki\u0161a, snijeg itd.). Radno vrijeme voza\u010da mo\u017ee biti vrlo razli\u010dito. Voza\u010d kamiona je na putu katkada i po vi\u0161e dana. Za to vrijeme se odmara u motelima, preno\u0107i\u0161tima, a katkada i u kabini vozila. Duga vo\u017enja mo\u017ee biti monotona, \u0161to je opasno zbog pada koncentracije i budnosti. Vo\u017enja no\u0107u opasna je i zbog smanjene vidljivosti. Neugodna je i vo\u017enja u ote\u017eanim vremenskim uvjetima, primjerice pri poledici i snijegu.<\/p>\n<p>Zanimanje je rizi\u010dno, zbog opasnosti od prometnih nesre\u0107a gdje su mogu\u0107e ljudske \u017ertve.<\/p>\n<p>Rad voza\u010da kamiona je fizi\u010dki naporan, te ga ne mogu obavljati osobe lo\u0161eg op\u0107eg zdravstvenog stanja, osobe s o\u0161te\u0107enjima kralje\u017enice, oboljenjima bubrega, te psihi\u010dki nestabilne osobe.<\/p>\n<ul>\n<li><strong>\u00a0<\/strong><strong>Mogu\u0107nosti zapo\u0161ljavanja<\/strong><\/li>\n<\/ul>\n<p>Voza\u010di kamiona mogu se zaposliti u velikim organizacijama koje se bave prijevozom robe ili u manjim prijevozni\u010dkim ku\u0107ama.<\/p>\n<p>Voza\u010di kamiona mogu osnovati i vlastiti autoprijevozni\u010dki obrt.<\/p>\n","protected":false},"excerpt":{"rendered":"<p>VOZA\u010c MOTORNOG VOZILA\/VOZA\u010cICA MOTORNOG VOZILA Vrsta i tip programa: Strukovni program trogodi\u0161njeg trajanja obrazovanja za industriju i gospodarstvo Obrazovni sektor: promet i logistika \u0160ifra zanimanja: 141103 Opis zanimanja: Upravlja teretnim vozilom unutar gradskog podru\u010dja te u me\u0111umjesnom i me\u0111unarodnom prometu. Obavlja poslove pripreme vozila za prijevoz, preuzima prijevoznu dokumentaciju i predmet prijevoza; upravlja vozilom tijekom [&hellip;]<\/p>\n","protected":false},"author":2,"featured_media":0,"parent":84,"menu_order":0,"comment_status":"open","ping_status":"open","template":"","meta":{"footnotes":""},"class_list":["post-157","page","type-page","status-publish","hentry"],"_links":{"self":[{"href":"https:\/\/www.tsd.hr\/site\/wp-json\/wp\/v2\/pages\/157","targetHints":{"allow":["GET"]}}],"collection":[{"href":"https:\/\/www.tsd.hr\/site\/wp-json\/wp\/v2\/pages"}],"about":[{"href":"https:\/\/www.tsd.hr\/site\/wp-json\/wp\/v2\/types\/page"}],"author":[{"embeddable":true,"href":"https:\/\/www.tsd.hr\/site\/wp-json\/wp\/v2\/users\/2"}],"replies":[{"embeddable":true,"href":"https:\/\/www.tsd.hr\/site\/wp-json\/wp\/v2\/comments?post=157"}],"version-history":[{"count":6,"href":"https:\/\/www.tsd.hr\/site\/wp-json\/wp\/v2\/pages\/157\/revisions"}],"predecessor-version":[{"id":8348,"href":"https:\/\/www.tsd.hr\/site\/wp-json\/wp\/v2\/pages\/157\/revisions\/8348"}],"up":[{"embeddable":true,"href":"https:\/\/www.tsd.hr\/site\/wp-json\/wp\/v2\/pages\/84"}],"wp:attachment":[{"href":"https:\/\/www.tsd.hr\/site\/wp-json\/wp\/v2\/media?parent=157"}],"curies":[{"name":"wp","href":"https:\/\/api.w.org\/{rel}","templated":true}]}}