{"id":199,"date":"2016-07-13T19:29:17","date_gmt":"2016-07-13T17:29:17","guid":{"rendered":"http:\/\/www.tsd.hr\/site\/?page_id=199"},"modified":"2019-04-03T22:37:28","modified_gmt":"2019-04-03T20:37:28","slug":"automehanicar","status":"publish","type":"page","link":"https:\/\/www.tsd.hr\/site\/obrazovni-programi\/automehanicar\/","title":{"rendered":"Automehani\u010dar"},"content":{"rendered":"<h2><strong><u>AUTOMEHANI\u010cAR\/AUTOMEHANI\u010cARKA &#8211; JMO<\/u><\/strong><\/h2>\n<p><iframe loading=\"lazy\" width=\"560\" height=\"315\" src=\"https:\/\/www.youtube.com\/embed\/dXWlEpdJfDQ\" frameborder=\"0\" allow=\"accelerometer; autoplay; encrypted-media; gyroscope; picture-in-picture\" allowfullscreen><\/iframe>&nbsp;<\/p>\n<p><strong>Vrsta i tip programa<\/strong>: Strukovni program trogodi\u0161njeg trajanja obrazovanja za obrtni\u0161tvo \u2013 jedinstveni model obrazovanja<\/p>\n<p><strong>Obrazovni sektor<\/strong>: strojarstvo, brodogradnja i metalurgija<\/p>\n<p><strong>\u0160ifra zanimanja<\/strong>: 014253<\/p>\n<ul>\n<li><strong>Opis zanimanja<\/strong>:<\/li>\n<\/ul>\n<p>Automehani\u010dar odr\u017eava i popravlja motorna vozila u servisnim i remontnim radionicama, u servisima proizvo\u0111a\u010da automobila i u obrtni\u010dkim radionicama. Glavni poslovi automehani\u010dara su odr\u017eavanje, popravci pojedinih sklopova i motora s unutarnjim izgaranjem i sustavom prijenosa snage, te generalni remonti vozila.<br \/>\nZamjenjuje, odnosno dopunjava odgovaraju\u0107e teku\u0107ine, kontrolira i pode\u0161ava rad pojedina\u010dnih mehanizama, izmjenjuje potro\u0161ene dijelove, zate\u017ee vijke i podmazuje pokretne dijelove. Automehani\u010dar obavlja i poslove koji se odnose na djelomi\u010dno odr\u017eavanje karoserija, okvira i za\u0161titu od korozije te vr\u0161i ispitivanje motora s unutarnjim izgaranjem, ko\u010dionih ure\u0111aja, sustava paljenja i ure\u0111aja za pro\u010di\u0161\u0107avanje ispu\u0161nih plinova.<br \/>\nAko se radi o kvarovima ili gre\u0161kama u radu automobila, automehani\u010dar najprije mora ustanoviti njihov uzrok, a potom odgovaraju\u0107im alatima rastavlja pojedina\u010dne sklopove vozila.<br \/>\nPri generalnim remontima, automehani\u010dar mora pregledati i rastaviti sve sklopove, o\u010distiti pojedina\u010dne dijelove, pregledati njihovu uporabljivost te popraviti ili zamijeniti potro\u0161ene dijelove. Po kona\u010dnom popravku i sklapanju, automehani\u010dar isprobava i pode\u0161ava rad sklopova.<br \/>\nU velikim remontnim i servisnim radionicama automehani\u010dar se specijalizira za pojedine marke automobila, a ponekad se bavi samo pojedinim automobilskim sklopovima, npr. pogonskim agregatom, sustavima za ko\u010denje, mjenja\u010dima, podvozjem i sl.<\/p>\n<ul>\n<li><strong>Zdravstveni zahtjevi<\/strong>:<\/li>\n<\/ul>\n<p>Uredan vid, raspoznavanje boja, uredna funkcija mi\u0161i\u0107no-ko\u0161tanog, di\u0161nog i sr\u010dano-\u017eilnog sustava, uredno kognitivno, emocionalno i psihomotori\u010dko funkcioniranje, stabilno stanje svijesti, uredna ravnote\u017ea, uredna funkcija ko\u017ee na \u0161akama i podlakticama.<\/p>\n<p>* Kada je kandidatu s te\u0161ko\u0107ama dostupna odgovaraju\u0107a prilagodba, navedeni zdravstveni zahtjevi za navedeni program ne uzimaju se u obzir.<\/p>\n<ul>\n<li><strong>Potrebni dokumenti za upis<\/strong>: lije\u010dni\u010dka svjedod\u017eba medicine rada i ugovor o naukovanju<\/li>\n<\/ul>\n<p>Zavr\u0161etak srednjo\u0161kolskog programa obrazovanja u\u010denici zavr\u0161avaju izradom i obranom zavr\u0161nog rada i tako stje\u010du kvalifikaciju za tr\u017ei\u0161te rada.<\/p>\n<ul>\n<li>Po zavr\u0161etku strukovne kvalifikacije kandidati mogu prijavljivati i pomo\u0107ni\u010dki ispit.<\/li>\n<\/ul>\n<ul>\n<li><strong>Nastavni plan i program<\/strong>:<\/li>\n<\/ul>\n<p><a href=\"http:\/\/www.tsd.hr\/site\/wp-content\/uploads\/2009\/08\/am.png\" rel=\"attachment wp-att-5108\"><img loading=\"lazy\" decoding=\"async\" class=\"alignnone size-full wp-image-5108\" src=\"http:\/\/www.tsd.hr\/site\/wp-content\/uploads\/2009\/08\/am.png\" alt=\"am\" width=\"555\" height=\"684\" srcset=\"https:\/\/www.tsd.hr\/site\/wp-content\/uploads\/2009\/08\/am.png 555w, https:\/\/www.tsd.hr\/site\/wp-content\/uploads\/2009\/08\/am-243x300.png 243w\" sizes=\"auto, (max-width: 555px) 100vw, 555px\" \/><\/a><\/p>\n<p>*Prakti\u010dnu nastavu u\u010denici obavljaju svaki drugi tjedan (6 dana nastave, 4 dana prakse), u licenciranim obrtima i radionicama, te \u0161kolskoj radionici.<\/p>\n<ul>\n<li>U\u010denici mogu nastaviti obrazovanje za vi\u0161u razinu kvalifikacije (zanimanje \u010detverogodi\u0161njeg trajanja) u statusu redovitog u\u010denika u pravilu unutar istoga obrazovnog sektora u kojem je ste\u010deno prethodno strukovno obrazovanje.<\/li>\n<\/ul>\n<p>Po zavr\u0161etku vi\u0161e razine kvalifikacije u\u010denici mogu polagati ispite dr\u017eavne mature koji im omogu\u0107uju nastavak \u0161kolovanja na visoko\u0161kolskoj razini.<\/p>\n<ul>\n<li><strong>Znanja, vje\u0161tine i po\u017eeljne osobine<\/strong><\/li>\n<\/ul>\n<p>Automehani\u010dar mora poznavati tehnologiju automehanike, \u0161to uklju\u010duje i znanja iz podru\u010dja elemenata strojeva, osobito motora s unutra\u0161njim sagorijevanjem, elektrotehnike i elektronike, hidraulike i pneumatike.<br \/>\nAutomehani\u010dar mora poznavati tehni\u010dku dokumentaciju, osnove tehni\u010dkog crtanja, tehni\u010dkog dimenzioniranja, osnove tehnologije materijala i sl. Mora ste\u0107i znanja iz mjerenja fizikalnih veli\u010dina, sagorijevanja goriva i regulacije automobilskih sustava.<br \/>\nAutomehani\u010dar mora poznavati osnove termodinamike, elektronike i ra\u010dunalstva, ekologije i sigurnosti na radu, te protupo\u017earne za\u0161tite.<br \/>\nMora biti vje\u0161t u prakti\u010dnom radu, snala\u017eljiv i sposoban prosu\u0111ivati nastale situacije, te poduzimati promi\u0161ljene korake.<br \/>\nMora imati smisao za rje\u0161avanje tehni\u010dkih i mehani\u010dkih problema, \u0161to je osobito va\u017eno pri dono\u0161enju odluka o popravku razli\u010ditih dijelova automobilskih motora i razli\u010ditih mehanizama. Automehani\u010dar mora imati spretne ruke za monta\u017eu i demonta\u017eu ponekad i te\u017ee dostupnih dijelova vozila, mora imati normalan vid i razlikovati boje i mirise.<br \/>\nSvoj posao automehani\u010dar treba obavljati odgovorno, dosljedno i to\u010dno prema propisima, jer nemaran i nestru\u010dan rad mo\u017ee lako biti uzrok \u0161tete ili nesre\u0107e.<\/p>\n<ul>\n<li><strong>Uvjeti rada <\/strong><\/li>\n<\/ul>\n<p>Automehani\u010dar uglavnom radi u zatvorenim prostorijama, u stoje\u0107em polo\u017eaju, a \u010desto i u drugim polo\u017eajima. U radu je \u010desto izlo\u017een neugodnim mirisima i \u0161tetnim plinovima, prljav\u0161tinom i otpadnim produktima. Katkad obavlja posao na povi\u0161enim mjestima ili u kanalima. Radi samostalno ili u timu, \u010desto u smjenama.<br \/>\nKontraindikacije za rad su: o\u0161te\u0107enje funkcije vida, o\u0161te\u0107enje funkcije sluha i nemogu\u0107nost no\u0161enja osobnih za\u0161titnih sredstava za za\u0161titu sluha (za rad u buci), neraspoznavanje osnovnih boja, te\u017ea o\u0161te\u0107enja funkcije mi\u0161i\u0107no-ko\u0161tanog i di\u0161nog i\/ili sr\u010dano-\u017eilnog sustava, kroni\u010dni poreme\u0107aji koji trajno remete kognitivno i emocionalno funkcioniranje, kroni\u010dni poreme\u0107aji koji mogu dovesti do gubitka svijesti i\/ili ravnote\u017ee i te\u017ee o\u0161te\u0107enje funkcije ko\u017ee na \u0161akama i podlakticama.<\/p>\n<ul>\n<li><strong>\u00a0<\/strong><strong>Mogu\u0107nosti zapo\u0161ljavanja<\/strong><\/li>\n<\/ul>\n<p>Zapo\u0161ljavanje je mogu\u0107e u automehani\u010darskim radionicama i servisima.<\/p>\n","protected":false},"excerpt":{"rendered":"<p>AUTOMEHANI\u010cAR\/AUTOMEHANI\u010cARKA &#8211; JMO &nbsp; Vrsta i tip programa: Strukovni program trogodi\u0161njeg trajanja obrazovanja za obrtni\u0161tvo \u2013 jedinstveni model obrazovanja Obrazovni sektor: strojarstvo, brodogradnja i metalurgija \u0160ifra zanimanja: 014253 Opis zanimanja: Automehani\u010dar odr\u017eava i popravlja motorna vozila u servisnim i remontnim radionicama, u servisima proizvo\u0111a\u010da automobila i u obrtni\u010dkim radionicama. Glavni poslovi automehani\u010dara su odr\u017eavanje, popravci [&hellip;]<\/p>\n","protected":false},"author":2,"featured_media":0,"parent":84,"menu_order":0,"comment_status":"open","ping_status":"open","template":"","meta":{"footnotes":""},"class_list":["post-199","page","type-page","status-publish","hentry"],"_links":{"self":[{"href":"https:\/\/www.tsd.hr\/site\/wp-json\/wp\/v2\/pages\/199","targetHints":{"allow":["GET"]}}],"collection":[{"href":"https:\/\/www.tsd.hr\/site\/wp-json\/wp\/v2\/pages"}],"about":[{"href":"https:\/\/www.tsd.hr\/site\/wp-json\/wp\/v2\/types\/page"}],"author":[{"embeddable":true,"href":"https:\/\/www.tsd.hr\/site\/wp-json\/wp\/v2\/users\/2"}],"replies":[{"embeddable":true,"href":"https:\/\/www.tsd.hr\/site\/wp-json\/wp\/v2\/comments?post=199"}],"version-history":[{"count":5,"href":"https:\/\/www.tsd.hr\/site\/wp-json\/wp\/v2\/pages\/199\/revisions"}],"predecessor-version":[{"id":12080,"href":"https:\/\/www.tsd.hr\/site\/wp-json\/wp\/v2\/pages\/199\/revisions\/12080"}],"up":[{"embeddable":true,"href":"https:\/\/www.tsd.hr\/site\/wp-json\/wp\/v2\/pages\/84"}],"wp:attachment":[{"href":"https:\/\/www.tsd.hr\/site\/wp-json\/wp\/v2\/media?parent=199"}],"curies":[{"name":"wp","href":"https:\/\/api.w.org\/{rel}","templated":true}]}}