{"id":231,"date":"2016-07-10T08:56:31","date_gmt":"2016-07-10T06:56:31","guid":{"rendered":"http:\/\/www.tsd.hr\/site\/?page_id=231"},"modified":"2016-07-14T09:17:58","modified_gmt":"2016-07-14T07:17:58","slug":"pomocni-stolar","status":"publish","type":"page","link":"https:\/\/www.tsd.hr\/site\/obrazovni-programi\/pomocni-stolar\/","title":{"rendered":"Pomo\u0107ni stolar"},"content":{"rendered":"<h2><strong><u>POMO\u0106NI STOLAR\/POMO\u0106NA STOLARICA &#8211; TES<\/u><\/strong><\/h2>\n<p><strong>Vrsta i tip programa<\/strong>: TES &#8211; posebni programi za u\u010denike s te\u0161ko\u0107ama, strukovni program trogodi\u0161njeg trajanja obrazovanja<\/p>\n<p><strong>Obrazovni sektor<\/strong>: \u0161umarstvo, prerada i obrada drva<\/p>\n<p><strong>\u0160ifra zanimanja<\/strong>: 128193<\/p>\n<p><u>Zanimanje pomo\u0107ni stolar (TES) namijenjeno je u\u010denicima koji imaju te\u0161ko\u0107a u razvoju i koji su osnovnu \u0161kolu zavr\u0161ili po prilago\u0111enom programu. <\/u><\/p>\n<ul>\n<li><strong>Opis zanimanja<\/strong>:<\/li>\n<\/ul>\n<p>Obavlja pomo\u0107ne poslove vezane uz izradu namje\u0161taja i gra\u0111evne stolarije. Tijekom \u0161kolovanja u\u010denici stje\u010du znanja i vje\u0161tine koje im omogu\u0107uju da samostalno obavljaju jednostavnije poslove i zada\u0107e u svom zanimanju.<br \/>\nPomo\u0107ni stolar mjeri i zacrtava mjernim alatom elemente koje treba izraditi od drveta. Drvni materijali se obra\u0111uju ru\u010dnim postupcima: bu\u0161ilicom, dlijetom, blanjom, te strojno: kru\u017enom i tra\u010dnom pilom, ravnalicom ili glodalicom. U zavr\u0161noj obradi drva pomo\u0107ni stolar sastavlja elemente, finira rubove, obra\u0111uje povr\u0161ine paljenjem, li\u010di i lakira drvne materijale.<br \/>\nOsim izrade elementarnih vezova od drva, pomo\u0107ni stolar vr\u0161i i popravke gotovih proizvoda od drva i poluproizvoda od drva. Sve poslove pomo\u0107ni stolar obavlja uz nadzor kvalificiranog radnika. Mogu\u0107e je zapo\u0161ljavanje u industriji i obrtni\u0161tvu.<\/p>\n<ul>\n<li><strong>Potrebni dokumenti za upis<\/strong>:<\/li>\n<\/ul>\n<ol>\n<li><strong>Rje\u0161enje Ureda o primjerenom programu obrazovanja; <\/strong><\/li>\n<li><strong>Stru\u010dno mi\u0161ljenje Slu\u017ebe za profesionalno usmjeravanje HZZ-a izdanog na temelju potvrde nadle\u017enog \u0161kolskog lije\u010dnika. <\/strong><\/li>\n<\/ol>\n<ul>\n<li><strong>Nastavni plan i program<\/strong>:<\/li>\n<\/ul>\n<p><a href=\"http:\/\/www.tsd.hr\/site\/wp-content\/uploads\/2009\/08\/stolar.png\" rel=\"attachment wp-att-5151\"><img loading=\"lazy\" decoding=\"async\" class=\"alignnone size-full wp-image-5151\" src=\"http:\/\/www.tsd.hr\/site\/wp-content\/uploads\/2009\/08\/stolar.png\" alt=\"stolar\" width=\"529\" height=\"303\" srcset=\"https:\/\/www.tsd.hr\/site\/wp-content\/uploads\/2009\/08\/stolar.png 529w, https:\/\/www.tsd.hr\/site\/wp-content\/uploads\/2009\/08\/stolar-300x172.png 300w\" sizes=\"auto, (max-width: 529px) 100vw, 529px\" \/><\/a><\/p>\n<ul>\n<li>Stru\u010dnu praksu u prvom razredu u\u010denici obavljaju svaki drugi tjedan u \u0161kolskoj radionici, a u drugom i tre\u0107em razredu se upu\u0107uju kod poslodavca.<\/li>\n<\/ul>\n<ul>\n<li>Zavr\u0161etak srednjo\u0161kolskog programa obrazovanja u\u010denici zavr\u0161avaju izradom i obranom zavr\u0161nog rada i tako stje\u010du kvalifikaciju (ni\u017eu stru\u010dnu spremu) za tr\u017ei\u0161te rada.<\/li>\n<\/ul>\n<ul>\n<li>U\u010denici mogu nastaviti obrazovanje za vi\u0161u razinu kvalifikacije (zanimanje trogodi\u0161njeg trajanja) u statusu redovitog u\u010denika u pravilu unutar istoga obrazovnog sektora u kojem je ste\u010deno prethodno strukovno obrazovanje.<\/li>\n<\/ul>\n<ul>\n<li><strong>Uvjeti rada <\/strong><\/li>\n<\/ul>\n<p>Posao se obavlja uglavnom u zatvorenim prostorima (tvorni\u010dke hale, obrtni\u010dke radionice), dok gra\u0111evinski stolari rade i na otvorenom.<br \/>\nPomo\u0107ni stolari su izlo\u017eeni buci, pra\u0161ini i opasnostima od ozljeda. Radi se uglavnom u stoje\u0107em polo\u017eaju s u\u010destalim saginjanjem.<br \/>\nPomo\u0107ni stolari koji rade u industriji mogu, ovisno o opsegu i organizaciji posla, raditi u vi\u0161e smjena.<\/p>\n<ul>\n<li><strong>Mogu\u0107nosti zapo\u0161ljavanja<\/strong><\/li>\n<\/ul>\n<p>Mogu se zaposliti u industriji, graditeljstvu i obrtni\u0161tvu. Zapo\u0161ljavanje je mogu\u0107e u poduze\u0107ima koja se bave izradom mostova, krovnih i dr. konstrukcija, izradom namje\u0161taja, brodogradnjom.<\/p>\n","protected":false},"excerpt":{"rendered":"<p>POMO\u0106NI STOLAR\/POMO\u0106NA STOLARICA &#8211; TES Vrsta i tip programa: TES &#8211; posebni programi za u\u010denike s te\u0161ko\u0107ama, strukovni program trogodi\u0161njeg trajanja obrazovanja Obrazovni sektor: \u0161umarstvo, prerada i obrada drva \u0160ifra zanimanja: 128193 Zanimanje pomo\u0107ni stolar (TES) namijenjeno je u\u010denicima koji imaju te\u0161ko\u0107a u razvoju i koji su osnovnu \u0161kolu zavr\u0161ili po prilago\u0111enom programu. Opis zanimanja: [&hellip;]<\/p>\n","protected":false},"author":2,"featured_media":0,"parent":84,"menu_order":0,"comment_status":"open","ping_status":"open","template":"","meta":{"footnotes":""},"class_list":["post-231","page","type-page","status-publish","hentry"],"_links":{"self":[{"href":"https:\/\/www.tsd.hr\/site\/wp-json\/wp\/v2\/pages\/231","targetHints":{"allow":["GET"]}}],"collection":[{"href":"https:\/\/www.tsd.hr\/site\/wp-json\/wp\/v2\/pages"}],"about":[{"href":"https:\/\/www.tsd.hr\/site\/wp-json\/wp\/v2\/types\/page"}],"author":[{"embeddable":true,"href":"https:\/\/www.tsd.hr\/site\/wp-json\/wp\/v2\/users\/2"}],"replies":[{"embeddable":true,"href":"https:\/\/www.tsd.hr\/site\/wp-json\/wp\/v2\/comments?post=231"}],"version-history":[{"count":2,"href":"https:\/\/www.tsd.hr\/site\/wp-json\/wp\/v2\/pages\/231\/revisions"}],"predecessor-version":[{"id":5152,"href":"https:\/\/www.tsd.hr\/site\/wp-json\/wp\/v2\/pages\/231\/revisions\/5152"}],"up":[{"embeddable":true,"href":"https:\/\/www.tsd.hr\/site\/wp-json\/wp\/v2\/pages\/84"}],"wp:attachment":[{"href":"https:\/\/www.tsd.hr\/site\/wp-json\/wp\/v2\/media?parent=231"}],"curies":[{"name":"wp","href":"https:\/\/api.w.org\/{rel}","templated":true}]}}