{"id":3114,"date":"2018-01-17T09:48:29","date_gmt":"2018-01-17T08:48:29","guid":{"rendered":"http:\/\/localhost\/Bluelight-Tutorial\/?page_id=2"},"modified":"2018-01-17T11:01:17","modified_gmt":"2018-01-17T10:01:17","slug":"o-skoli","status":"publish","type":"page","link":"https:\/\/www.tsd.hr\/site\/o-skoli\/","title":{"rendered":"O \u0161koli"},"content":{"rendered":"<p><strong>Uvodna rije\u010d<br \/>\n<\/strong><\/p>\n<p>Ravnateljica\u00a0Sanja Klubi\u010dka, dipl. ing.<\/p>\n<p>U Daruvaru sam po\u010dela raditi nakon rata 1992. godine u tada\u0161njem Centru za odgoj i usmjereno obrazovanje koji se vrlo brzo podijelio na tri \u0161kole koje su nastavile tradiciju srednjo\u0161kolskog obrazovanja, slijede\u0107i svoje korijene prije reforme, koja ih je spojila u Centar.<br \/>\nU sto trideset godina strukovnog obrazovanja u gradu Daruvaru utkano je dvadeset i pet godina Tehni\u010dke \u0161kole Daruvar.<br \/>\nDvadeset i pet godina. \u010cetvrt stolje\u0107a.<br \/>\nNe mogu opisati osje\u0107aje koji me preplavljuju. \u010cetvrt stolje\u0107a i ja sam, s jo\u0161 samo nekolicinom kolega, dio ove \u0161kole. \u010cetvrt stolje\u0107a.<br \/>\nZvu\u010di tako puno, a imam osje\u0107aj da bilo tek pred koju godinu.<br \/>\nMe\u0111utim nije bilo mogu\u0107e sva doga\u0111anja koja su se dogodila u tih \u010detvrt stolje\u0107a preto\u010diti u ovu knjigu. Ne\u0161to smo nenamjerno zaboravili, ne\u0161to smo mo\u017eda potisnuli u sje\u0107anje, puno toga nam nije stalo izme\u0111u ovih korica jer ponekad ne mo\u017eemo pobrojiti sve \u0161to se dogodilo u jednom danu, a osobito u dvadeset i pet godina. Ipak, nadam se da smo barem ne\u0161to dijelom uspjeli sa\u010duvati od zaborava.<br \/>\nNadam se da smo uspjeli do\u010darati ono \u0161to ovu \u0161kolu \u010dini \u201ena\u0161om \u0161kolom\u201c.<br \/>\nNadam se da smo uspjeli u jednu knjigu upisati barem sva imena ljudi koji su ovdje boravili, bilo kao djelatnici ili kao u\u010denici. Jer \u0161kolu ne \u010dini zgrada ni njeni zidovi, \u0161kola je \u017eivi organizam koji di\u0161e i samo mi prosvjetari mo\u017eemo osjetiti njezin dah i \u010duti njezin \u0161apat.<br \/>\nA to nam dokazuju kontakti s biv\u0161im u\u010denicima, pozdravi, osmijesi ili samo njihovi zna\u010dajni pogledi kod slu\u010dajnih susreta ili ono naj\u010de\u0161\u0107e pitanje :\u201cJo\u0161 radite gore u \u0161koli?\u201c<br \/>\nTo nam dokazuju sada\u0161nji u\u010denici koji \u0161ire mladena\u010dku vedrinu u sve kutove i prostore \u0161kole, a i izvan nje, \u00a0i to je ono \u0161to i nas prosvjetne radnike odr\u017eava mladima.<br \/>\nI zato mi se ovih \u010detvrt stolje\u0107a uop\u0107e ne \u010dini puno.<br \/>\nJer jo\u0161 uvijek osje\u0107am ono uzbu\u0111enje prvoga dana nastave i radost zbog po\u010detka nove \u0161kolske godine. Jo\u0161 uvijek je osje\u0107am onaj entuzijazam kojim hranimo mlade nara\u0161taje u \u017eelji da promijene svijet.<br \/>\nI ako na u\u010denicima vidim njihova vedra i zadovoljna lica, onda i ovih mojih \u010detvrt stolje\u0107a u Tehni\u010dkoj \u0161koli Daruvar nije bilo uzalud, onda me to i dalje ispunjava sre\u0107om i ponosom na sve na\u0161e biv\u0161e, sada\u0161nje i budu\u0107e u\u010denike.<\/p>\n<p><strong><br \/>\nTehni\u010dka \u0161kola Daruvar<\/strong> utemeljena je 1992. godine.<br \/>\n\u0160kola se sastoji od dvije didakti\u010dke jedinice:<\/p>\n<ul>\n<li>Elektrostrojarska i prometna tehni\u010dka \u0161kola i<\/li>\n<li>Industrijsko-obrtni\u010dka \u0161kola.<\/li>\n<\/ul>\n<p>U Elektrostrojarskoj tehni\u010dkoj \u0161koli obrazuju se elektrotehni\u010dari, tehni\u010dari za ra\u010dunalstvo, tehni\u010dari za mehatroniku i prometni tehni\u010dari. U industrijsko-obrtni\u010dkoj \u0161koli \u0161koluju se u obrtni\u010dkim programima strojobravari, tokari, automehani\u010dari, plinoinstalateri, vodoinstalateri, instalateri grijanja i klimatizacije, elektromehani\u010dari, elektroinstalateri, a u industrijskim programima voza\u010di motornog vozila.<br \/>\nU sastavu Industrijsko-obrtni\u010dke \u0161kole izvode se i trogodi\u0161nji programi za stjecanje ni\u017ee stru\u010dne spreme za u\u010denike s te\u0161ko\u0107ama u razvoju i to za zanimanja: pomo\u0107ni kuhar i slasti\u010dar, pomo\u0107ni stolar i pomo\u0107ni soboslikar i li\u010dilac.<\/p>\n<p>Danas \u0161kola u 30 razrednih odjela (21 redovnih i 9 razrednih odjela za u\u010denike s te\u0161ko\u0107ama u razvoju) ima ukupno 490 u\u010denika. U ostvarivanju postavljenih odgojno-obrazovnih ciljeva i zada\u0107a uklju\u010deno je ukupno 65 nastavnika i jedan vanjski suradnik.<br \/>\nOsim redovnog obrazovanja, \u0161kola ima razvijeno obrazovanje odraslih u programima stjecanja stru\u010dne spreme i prekvalifikacije za sve programe koje ostvaruje u redovnom obrazovanju. \u0160kola ostvaruje i programe stru\u010dnog usavr\u0161avanja za zanimanja strojar specijalista, elektrotehni\u010dar specijalista i voza\u010d u me\u0111unarodnom cestovnom prometu &#8211; specijalista. Od programa osposobljavanja, ostvaruju se programi osposobljavanja za ra\u010dunalnog operatera i radnika koji sudjeluju u prijevozu opasnih tvari (ADR).<br \/>\nTijekom dosada\u0161njeg rada \u0161kola je ostvarila niz odli\u010dnih razultata na dr\u017eavnim natjecanjima u\u010denika, naro\u010dito mladih tehni\u010dara.<br \/>\nOd 1997. godine, \u0161kola je uklju\u010dena u Globe-program i stekla status jedne od \u010detrdesetak svjetskih najkvalitetnijih GLOBE-\u0161kola.<br \/>\n2002. godine \u0161kola je stekla status me\u0111unarodne EKO-\u0161kole i svakodnevnim aktivnostima dokazuje taj zaslu\u017eeni status.<\/p>\n<p>\u0160kolski \u0161portski klub &#8220;Tehni\u010dar&#8221;, od svog utemeljenja 1996. godine, posti\u017ee izuzetne sportske uspjehe na \u017eupanijskoj i dr\u017eavnoj razini. 2002. godine malonogometna ekipa pstigla je \u010detvrto mjesto na dr\u017eavnom natjecanju.<br \/>\nUva\u017eavaju\u0107i \u010dinjenicu da se u \u0161koli nalazi heterogeni sastav u\u010denika obzirom na uspjeh u prethodnom \u0161kolovanju i sada\u0161nje obrazovanje, nadprosje\u010dnim odgojno-obrazovnim radom, posti\u017eu se zapa\u017eeni rezultati u radu i visoki stupanj u\u010dinkovitosit rada nastavnika.<br \/>\nNa na\u0161im WEB-stranicama prikazat \u0107emo samo dio na\u0161eg rada koji se ostvaruje nastavnim, izvannastavnim i izvan\u0161kolskim radom na\u0161ih u\u010denika i nastavnika.<br \/>\nNa\u0161i pozitivni rezultati obvezuju nas najmanje na odr\u017eavanje postignute razine kvalitete odgojno-obrazovnog rada, a \u017eelja nam je posti\u0107i i vi\u0161e.<\/p>\n<p>Ravnateljica Sanja Klubi\u010dka, dipl ing.<\/p>\n","protected":false},"excerpt":{"rendered":"<p>Uvodna rije\u010d Ravnateljica\u00a0Sanja Klubi\u010dka, dipl. ing. U Daruvaru sam po\u010dela raditi nakon rata 1992. godine u tada\u0161njem Centru za odgoj i usmjereno obrazovanje koji se vrlo brzo podijelio na tri \u0161kole koje su nastavile tradiciju srednjo\u0161kolskog obrazovanja, slijede\u0107i svoje korijene prije reforme, koja ih je spojila u Centar. U sto trideset godina strukovnog obrazovanja u [&hellip;]<\/p>\n","protected":false},"author":1,"featured_media":0,"parent":0,"menu_order":0,"comment_status":"closed","ping_status":"open","template":"","meta":{"footnotes":""},"class_list":["post-3114","page","type-page","status-publish","hentry"],"_links":{"self":[{"href":"https:\/\/www.tsd.hr\/site\/wp-json\/wp\/v2\/pages\/3114","targetHints":{"allow":["GET"]}}],"collection":[{"href":"https:\/\/www.tsd.hr\/site\/wp-json\/wp\/v2\/pages"}],"about":[{"href":"https:\/\/www.tsd.hr\/site\/wp-json\/wp\/v2\/types\/page"}],"author":[{"embeddable":true,"href":"https:\/\/www.tsd.hr\/site\/wp-json\/wp\/v2\/users\/1"}],"replies":[{"embeddable":true,"href":"https:\/\/www.tsd.hr\/site\/wp-json\/wp\/v2\/comments?post=3114"}],"version-history":[{"count":4,"href":"https:\/\/www.tsd.hr\/site\/wp-json\/wp\/v2\/pages\/3114\/revisions"}],"predecessor-version":[{"id":6942,"href":"https:\/\/www.tsd.hr\/site\/wp-json\/wp\/v2\/pages\/3114\/revisions\/6942"}],"wp:attachment":[{"href":"https:\/\/www.tsd.hr\/site\/wp-json\/wp\/v2\/media?parent=3114"}],"curies":[{"name":"wp","href":"https:\/\/api.w.org\/{rel}","templated":true}]}}